4*h + 81. Calculate the remainder when 249 is divided by h.
11
Let t = -222 + 141. Let m = -58 - t. What is the remainder when m is divided by 13?
10
Suppose 292*z - 140 = 282*z. What is the remainder when 67 is divided by z?
11
Suppose -2*f = -279 - 111. Suppose -4*g + f = -93. Calculate the remainder when g is divided by 25.
22
Let h(d) = -d - 8. Suppose 0 = -7*x + 10*x + 33. Let c be h(x). Suppose -c*a + 14 = -a. What is the remainder when 10 is divided by a?
3
Let w = 2637 - 2502. What is the remainder when 145 is divided by w?
10
Let v(s) = s**2 + s + 2. Let c be v(2). Calculate the remainder when 1 - (c/4 - 4) is divided by 2.
1
Let z(t) = t**2 + 7*t - 12. Let k be (-3 + -3)*(-6)/(-4). Calculate the remainder when -20*(1/2)/((-2)/3) is divided by z(k).
3
Let c = 902 + -778. What is the remainder when c is divided by 32?
28
What is the remainder when 189 is divided by (-8)/20 + 2313/45?
36
Suppose -200 = 7*t - 32. Let k = t - -53. What is the remainder when k is divided by 11?
7
Suppose -3*a - q = -6*q - 15, -3*a + 15 = 3*q. Suppose -a*x - 10 = 0, 0*x = -4*i - x + 378. What is the remainder when i is divided by 20?
15
Let i = 30 - 25. Calculate the remainder when 26 is divided by i.
1
Let i be -4 + 2 - 0/2. Suppose -6*s + 35 = -b - s, -3*s - 231 = 5*b. Calculate the remainder when 15 is divided by (b/(-15))/(i/(-6)).
6
Let x be (-4)/(-4) + 3/1. Let y be 0 + 0*(-2)/x. Suppose 5*o - 86 = -3*d, y = -2*d + 3 + 1. What is the remainder when 47 is divided by o?
15
Suppose -91 = -2*u + 3*c, -2*u + 2*c = -45 - 41. What is the remainder when u is divided by 7?
3
Let m(y) = -y**2 - 10*y + 1. Let u be m(-8). Let h = -13 + u. Suppose -5*t + g = -161, -3*t = -h*t - 3*g + 45. What is the remainder when t is divided by 18?
15
Let j = -383 - -403. What is the remainder when 419 is divided by j?
19
Let k = -415 - -638. What is the remainder when k is divided by 28?
27
Suppose z - 6 = 1. Let o(a) = -a**3 + 2*a**2 + 19*a + 27. What is the remainder when z is divided by o(-2)?
2
Suppose -3*n - 3*g + 4 + 38 = 0, 0 = n - g - 20. Suppose -5*c = 72*o - 77*o - 505, 4*o = -2*c + 178. Calculate the remainder when c is divided by n.
12
Let q(m) = m. Let b(n) = n**2 - 3*n - 3. Let i(w) = -b(w) + 2*q(w). Let y = -19 + 25. Calculate the remainder when y is divided by i(5).
0
Let z(v) = -8*v**3 - 2*v - 3. Let i(j) = -7*j**3 - j - 3. Let u(w) = -7*i(w) + 6*z(w). Calculate the remainder when u(5) is divided by 26.
25
Let t = -367 + 389. Suppose -2*i - 3*i = -370. Let k = i + -33. Calculate the remainder when k is divided by t.
19
Let w be 4 + -1 - (-2 - -2). Suppose 0 = -w*g + 8*g - 15. Let z = g + -1. What is the remainder when 3 is divided by z?
1
Suppose 12*c - 29 = 7. Calculate the remainder when c is divided by (5 - -6) + -6 + (-2)/1.
0
Let t(a) = 55*a + 165. Let k be t(-3). Let q = -30 - -21. Calculate the remainder when (k - -3)/(q/(-51)) is divided by 10.
7
Suppose 13*v + 26 = 14*v. Calculate the remainder when 90 is divided by v.
12
Let i(o) = 55*o + 22. What is the remainder when i(3) is divided by 49?
40
Suppose 0 = -8*k + 1259 - 403. Let p = k - 30. What is the remainder when p is divided by 20?
17
Let i(u) = -u**3 + 10*u**2 - u + 15. Let g be i(10). Suppose 0 = -5*d + 5*t + 176 + 184, g = -t. Calculate the remainder when d is divided by 12.
7
Let j(m) = -m**2 + 40*m + 186. What is the remainder when 59 is divided by j(-4)?
9
Suppose 5*m - 161 = 3*f, 3*m - f - 60 = 39. What is the remainder when 679 is divided by m?
33
What is the remainder when 105 is divided by (-14 + -1)/(-9 - 30/(-4))?
5
Let i(m) be the third derivative of 5*m**4/6 - m**3/6 - 11*m**2. Let f be i(-1). Let a = f - -34. Calculate the remainder when 49 is divided by a.
10
Suppose 4*u - 15*u = -1606. Suppose 5*l = 2*i - 43, 4*i + 4*l - 2*l = u. What is the remainder when 270 is divided by i?
32
Calculate the remainder when 75 is divided by (38/(-4))/(5 + (-44)/8).
18
Suppose 5*i + t - 5*t = 0, -t = 4*i. Suppose 4*n + g - 7 = 0, i*n = -2*n - 5*g - 1. Let d = 8 - n. Calculate the remainder when d is divided by 4.
2
Let u(v) = v**3 - 21*v**2 + 17*v + 34. Calculate the remainder when u(21) is divided by 33.
28
Suppose -431*l + 440*l - 4005 = 0. What is the remainder when l is divided by 90?
85
Let h = 58 - 47. Suppose h*v - 9 = 123. What is the remainder when 42 is divided by v?
6
Let v = -28 + -9. Let a = 96 + v. Calculate the remainder when a is divided by 15.
14
Suppose 37*p - 164 - 21 = 0. What is the remainder when (74/1)/(2 + 0) is divided by p?
2
Suppose -768 = -23*b - 9*b. Calculate the remainder when b is divided by 14.
10
Let j be (-2)/1*(1 - (-15)/(-6)). Suppose h - 60 = -3*h. What is the remainder when 116/(3 + (-3)/(0 + j)) is divided by h?
13
Let r(h) = -21*h + 3. Let m be r(-3). Suppose -m = 5*j - 7*j. What is the remainder when 64 is divided by j?
31
Suppose -5*g = 5*l - 6*l - 172, 0 = -4*g + 2*l + 134. What is the remainder when g is divided by 25?
10
Let c = -276 - -281. Let m(p) = -2*p + 5. What is the remainder when m(-6) is divided by c?
2
Let i(c) = -c**3 - c**2 + c + 2. Let r be i(-2). Suppose j + r*j - 5 = 0. Calculate the remainder when 24 is divided by -5 + 9 + 10/j.
10
Suppose 16*i - 5*i = 231. Calculate the remainder when 80 is divided by i.
17
Suppose 0 = -19*b + 33 + 24. What is the remainder when 61 is divided by b?
1
Suppose -606 = 24*v - 7998. What is the remainder when v is divided by 103?
102
Suppose -70 = -8*p + 66. What is the remainder when 30 is divided by p?
13
What is the remainder when 1 + (236/(-7))/(34/(-119)) is divided by 10?
9
Let i be (32/(-20))/4 - 104/(-10). Calculate the remainder when -1 + (4/10 - (-736)/i) is divided by 19.
16
Suppose 4*m + 2*p - 890 = 0, 5*m - 9*p = -7*p + 1090. Calculate the remainder when m is divided by 115.
105
Let y = -1051 - -1138. What is the remainder when y is divided by 19?
11
Suppose -95 = -k + 10. What is the remainder when k is divided by (-120)/20 + 3*14?
33
Suppose -3*h + 5*h = 18. Suppose -h*n + 4*n = -275. Let x(j) = -13*j + 1. Calculate the remainder when n is divided by x(-1).
13
Let z(s) = 44*s**3 - 2*s**2 + 1. Let d be z(1). Suppose 13 = j - d. What is the remainder when j is divided by 19?
18
Suppose 3*w - 23 = 5*a, 7*a - 25 = -5*w + 2*a. What is the remainder when ((-54)/45)/(w/(-220)) is divided by 15?
14
Let z(b) = b**3 + 6*b**2 + 2*b + 4. Calculate the remainder when (-515)/(-3) - ((-1258)/102)/37 is divided by z(-3).
22
Let l(k) = k + 11. Let b be l(-11). Suppose -4*r - 95 = -5*w, w + 2*r + 2 - 7 = b. What is the remainder when w is divided by -2 + 5 - 12/(-2)?
6
Suppose -3*a - b = 674, 7*b + 902 = -4*a + 4*b. Suppose 5*h - 388 = y - 149, -h - y + 43 = 0. Calculate the remainder when h is divided by 6/(-33) + a/(-22).
7
Suppose 5*w - 158 = 3*o, -4*w + o = 5*o - 152. Calculate the remainder when w is divided by 34.
0
Suppose -3*f + 4 + 11 = 0. Let d be (4 - 2) + (-1 - 1 - -2). Let l = f + d. What is the remainder when 27 is divided by l?
6
Let p be -5*4*-5 + 13 + -10. Suppose -4*y - k + p = -2, 2*y - k = 45. Suppose 4*h = 16, 5*w = 3*h + 12 + 11. What is the remainder when y is divided by w?
4
Suppose -56*y + 52*y + 3*i + 1367 = 0, -2*y = -4*i - 686. Calculate the remainder when y is divided by 40.
21
Let h(z) = -z**3 + 2*z**2 - 2*z + 336. Calculate the remainder when h(0) is divided by 34.
30
What is the remainder when ((-1743)/(-7) + 15)*(-22)/(-8) is divided by 81?
78
What is the remainder when (-4)/8 + (-10176)/(-128) is divided by 1 + (0/2 - -9)?
9
Calculate the remainder when 188 is divided by (-17)/((-1700)/30) - 1974/(-20).
89
Let i be (-2)/(-6)*(1 - -14). Suppose 0 = i*r - 6*r + 38. Calculate the remainder when r is divided by 10.
8
Suppose i - 6 = 4*i. Let t(s) = -13*s - 5. What is the remainder when 39 is divided by t(i)?
18
Calculate the remainder when 310 is divided by -64*(0 + -7)/7.
54
Let f = -38 - -72. Let o = 51 - f. Let u = 23 + o. What is the remainder when u is divided by 14?
12
Suppose 4*m + 5*i = 83, i = 2*m + 3*i - 44. Let a(p) = 6*p + 2*p + 4*p**2 - 6*p + 2. Calculate the remainder when m is divided by a(-2).
13
Let x(i) = -67*i**2 - 2*i + 3. Let n be x(1). Let a = n - -90. What is the remainder when 70 is divided by a?
22
Let c(q) = -69*q - 13. Let m(a) be the first deriva